1 a composite number?
False
Is 14608591 prime?
True
Is 306593141 a prime number?
True
Is 1581455 composite?
True
Is 2466323 a composite number?
False
Is 68061023 a prime number?
True
Is 5583359 prime?
False
Is 53194651 prime?
True
Is 24268507 a prime number?
False
Is 1083813 composite?
True
Is 110202965 composite?
True
Is 7389839 prime?
True
Is 555545447 prime?
False
Is 8874199 a prime number?
True
Is 13598821 a composite number?
False
Is 2463781 prime?
False
Is 436345561 composite?
False
Is 469834919 a prime number?
True
Is 842904371 a composite number?
False
Is 2999423 composite?
True
Is 1699183 a composite number?
True
Is 971097 a composite number?
True
Is 143521501 a composite number?
True
Is 4551137 prime?
True
Is 4693177 prime?
True
Is 1512741 composite?
True
Is 60486617 composite?
True
Is 4763387 prime?
True
Is 103489039 composite?
True
Is 17046251 composite?
False
Is 2988233 composite?
False
Is 524766007 composite?
True
Is 55312207 a prime number?
False
Is 110838953 a composite number?
True
Is 1796601 prime?
False
Is 139474 composite?
True
Is 244814029 prime?
False
Is 41609311 a prime number?
False
Is 2077549 composite?
False
Is 17851 a composite number?
False
Is 1235341693 composite?
True
Is 246692137 a prime number?
False
Is 180338221 composite?
True
Is 28898209 a prime number?
True
Is 179852261 a prime number?
False
Is 65102783 composite?
True
Is 35915333 a composite number?
False
Is 1501179509 composite?
True
Is 3523229 prime?
False
Is 6183187 a prime number?
False
Is 3980461 a prime number?
True
Is 9343567 a prime number?
False
Is 64585753 a prime number?
True
Is 6646657 prime?
True
Is 15653102 prime?
False
Is 34695917 composite?
True
Is 4330603 a composite number?
False
Is 150497 a prime number?
True
Is 18011603 a composite number?
False
Is 1476401 a prime number?
True
Is 7375183 a composite number?
False
Is 30146659 a composite number?
True
Is 3230723 a prime number?
True
Is 59260387 composite?
False
Is 51830893 prime?
True
Is 12098087 prime?
True
Is 5936149 composite?
True
Is 406469527 a composite number?
True
Is 2247389 composite?
False
Is 197147 a prime number?
True
Is 169220959 a composite number?
True
Is 39764807 a composite number?
False
Is 810791 composite?
False
Is 396233741 prime?
True
Is 10535653 a composite number?
False
Is 26382647 composite?
False
Is 1562881 a prime number?
False
Is 21639619 a composite number?
True
Is 4360229 a composite number?
False
Is 4055347 prime?
True
Is 22450087 a composite number?
True
Is 200163877 a prime number?
True
Is 14252099 a prime number?
False
Is 23981297 prime?
True
Is 91007 a prime number?
False
Is 1825163 composite?
False
Is 158719127 a composite number?
True
Is 314368742 a composite number?
True
Is 4890209 a prime number?
False
Is 512749 composite?
True
Is 24202861 prime?
True
Is 40607297 a composite number?
True
Is 2778619 composite?
False
Is 39653177 composite?
True
Is 1164323 composite?
False
Is 40731389 composite?
False
Is 16974341 composite?
False
Is 144135223 prime?
True
Is 44345177 prime?
True
Is 8297301 prime?
False
Is 425071 composite?
False
Is 2722639 a composite number?
False
Is 857303 a composite number?
True
Is 196496351 a prime number?
True
Is 63401389 prime?
True
Is 16674169 prime?
False
Is 1764772207 a prime number?
False
Is 61248307 a prime number?
True
Is 51567289 composite?
False
Is 256911257 a composite number?
True
Is 1201153 a prime number?
True
Is 40159087 a prime number?
False
Is 7144757 prime?
True
Is 4918091 prime?
True
Is 159281799 a prime number?
False
Is 52601 prime?
False
Is 3066083 a composite number?
True
Is 666790177 a prime number?
True
Is 1879351 a composite number?
False
Is 5873039 prime?
True
Is 337008831 a prime number?
False
Is 41394859 a prime number?
False
Is 34659659 a prime number?
False
Is 19899947 a composite number?
False
Is 1015123 prime?
True
Is 1407139 a composite number?
True
Is 360749 a composite number?
False
Is 5402333 a prime number?
False
Is 957317 prime?
True
Is 4230917 a prime number?
True
Is 32312971 prime?
False
Is 5284751 a prime number?
True
Is 277157 composite?
False
Is 4052767 composite?
False
Is 71672249 composite?
True
Is 202805462 prime?
False
Is 381319 composite?
False
Is 9662041 composite?
False
Is 970507 a composite number?
True
Is 566645501 prime?
True
Is 287587109 a prime number?
True
Is 10333581 a prime number?
False
Is 16610747 composite?
False
Is 14887909 a prime number?
True
Is 2244253 a composite number?
True
Is 3163661 a prime number?
False
Is 395616077 prime?
False
Is 1743881 composite?
False
Is 15897281 prime?
False
Is 90568693 a prime number?
False
Is 7740077 prime?
True
Is 186199217 composite?
False
Is 2802817 a composite number?
True
Is 55538207 composite?
False
Is 11671363 composite?
True
Is 17027447 a composite number?
True
Is 4344227 a composite number?
False
Is 5781889 a composite number?
False
Is 689419 a prime number?
False
Is 7580437 a composite number?
False
Is 2174981 a composite number?
False
Is 20373623 a composite number?
False
Is 200233507 composite?
False
Is 197212489 a prime number?
True
Is 559133 a prime number?
True
Is 111499834 a composite number?
True
Is 28968227 prime?
False
Is 2553739 prime?
True
Is 72647011 prime?
True
Is 20877551 prime?
True
Is 690919 a composite number?
False
Is 801005 a composite number?
True
Is 436096898 a composite number?
True
Is 4595503 a composite number?
True
Is 1917173 prime?
True
Is 30449519 prime?
False
Is 14761205 a composite number?
True
Is 19487011 a composite number?
False
Is 18238801 a composite number?
True
Is 3426595 prime?
False
Is 78173087 a prime number?
False
Is 2062921 a composite number?
True
Is 19364651 a prime number?
False
Is 16363255 a composite number?
True
Is 42797831 a prime number?
False
Is 28286077 a composite number?
False
Is 2960957 a prime number?
True
Is 105966309 composite?
True
Is 103459 a prime number?
False
Is 3778603 composite?
False
Is 246073181 prime?
False
Is 1395941 a prime number?
False
Is 5069 composite?
True
Is 26411365 prime?
False
Is 169250843 a prime number?
False
Is 49398437 a composite number?
True
Is 607211 a prime number?
False
Is 824006011 a prime number?
True
Is 235189979 a prime number?
True
Is 276138061 prime?
False
Is 241288087 prime?
False
Is 12414221 a prime number?
False
Is 40730909 prime?
True
Is 12498322 a prime number?
False
Is 27763279 composite?
False
Is 18580897 a composite number?
False
Is 268397945 prime?
False
Is 3460357 a composite number?
False
Is 7480981 a composite number?
True
Is 2262521 prime?
True
Is 8464463 composite?
True
Is 248389 composite?
False
Is 91065389 prime?
True
Is 15118529 prime?
True
Is 1259273 a prime number?
False
Is 4258153 a composite number?
True
Is 110298347 a prime number?
True
Is 4694293 prime?
True
Is 51360047 prime?
True
Is 7844983 prime?
True
Is 10598263 a prime number?
False
Is 22174189 a prime number?
True
Is 185616407 composite?
True
Is 2509993 a composite number?
False
Is 5443393 composite?
False
Is 17734699 prime?
False
Is 250380257 a prime number?
True
Is 119271761 a composite number?
True
Is 264782453 a prime number?
False
Is 14292527 prime?
False
Is 3051123 prime?
False
Is 1004664977 a prime number?
False
Is 7623329 prime?
False
Is 139543 prime?
False
Is 602606 a composite number?
True
Is 25352869 prime?
False
Is 2274917 composite?
False
Is 8261879 prime?
True
Is 3501679 a composite number?
False
Is 11372617 composite?
False
Is 61230503 a composite number?
True
Is 146862941 prime?
True
Is 322159 prime?
False
Is 183750067 a composite number?
False
Is 2585659 a prime number?
True
Is 1705373 a composite number?
True
Is 3827143 prime?
True
Is 338635499 a composite number?
True
Is 123617383 a composite number?
True
Is 169742813 prime?
True
Is 9091307 a composite number?
True
Is 139589 composite?
False
Is 3307973 prime?
True
Is 265801 a composite number?
True
Is 3293 prime?
False
Is 64668269 a composite number?
False
Is 38525041 a composite number?
True
Is 550253 a composite number?
True
Is 1387909 composite?
True
Is 2788273 a prime number?
True
Is 1957693 a composite number?
False
Is 46915859 a prime number?
False
Is 251323687 composite?
False
Is 1117180667 composite?
False
Is 2062447 composite?
True
Is 68969473 a composite number?
False
Is 182141